 j(r) = -r + 4. Let y be j(4). Suppose 5*w - x - 200 = 0, 2*w - 5*w + x + 122 = y. Calculate the highest common factor of z and w.
13
Suppose 0*i - 3*x + 24 = 3*i, 3*x = -2*i + 14. What is the greatest common factor of i and 110?
10
Suppose -5*q - 360 = -8*q. Calculate the greatest common factor of 12 and q.
12
Let c = 138 - 66. Suppose 2*h - 4*h = -c. Let p = 10 + -6. Calculate the greatest common factor of h and p.
4
Let s = 7 + -3. Suppose 5*z - 1 = -2*d - d, -4*d + 12 = s*z. Let f be 84/(1 - (-4)/8). What is the greatest common divisor of d and f?
7
Suppose -108 = -4*h - 0*h. Calculate the highest common divisor of 81 and h.
27
Let o(w) = -w + 3. Let v be o(-4). Let f = 25 + v. Calculate the greatest common divisor of 80 and f.
16
Suppose -4*c - 6 = -226. Let p be -1 - (3 - c) - 2. Calculate the highest common factor of p and 7.
7
Suppose 3*s + u = 7, -11 = 3*s - 3*u - 2. Suppose z - 2 = -2*w - s, -2*w = -5*z - 31. Suppose -o = w*o - 224. What is the greatest common divisor of o and 7?
7
Let i be ((-1)/(-2))/((-1)/(-38)). Let m = i + -7. What is the greatest common factor of m and 60?
12
Suppose -2*c + 33 = -31. What is the greatest common divisor of c and 4?
4
Let n(z) = 3*z**2 + z - 2. Let a be n(-2). Suppose -3*h - 2 = -26. Calculate the greatest common factor of a and h.
8
Let x be 8/10*(-10)/(-2). Suppose -2*a = 3*a - 3*s - 82, -x*a - 4*s = -72. Let c = -204 + 289. Calculate the greatest common divisor of a and c.
17
Let d(f) = f + 7. Suppose 2*w + 4*g = -6, 3*g = -3*w + w - 8. Let h be d(w). Suppose h*q + 260 = 4*q. Calculate the highest common factor of q and 13.
13
Suppose -3*l = -8*m + 4*m + 181, 2*l + 120 = 2*m. Let p = 66 - l. What is the greatest common factor of 25 and p?
25
Suppose -87 = -4*l - 3. Calculate the greatest common factor of l and 35.
7
Let a(j) be the third derivative of -3*j**2 + 0*j + 0 + 1/6*j**3 + 1/24*j**4. Let r be a(11). What is the highest common factor of 84 and r?
12
Let t be 64 + 2*1*4/(-8). Calculate the greatest common factor of 21 and t.
21
Let w(c) be the first derivative of -c**3/3 + 13*c**2/2 - 4*c - 10. Let z be w(11). Calculate the highest common divisor of z and 9.
9
Let i(c) = -c**2. Let b(u) = -3*u**2 - 10*u - 5. Let t(h) = -b(h) + 4*i(h). Let y be t(10). Calculate the greatest common factor of y and 10.
5
Let q(u) = -u**3 - u. Let y be q(0). Suppose 9*h - 7*h - 24 = y. Calculate the greatest common divisor of h and 108.
12
Let x(m) = 4*m - 2 - 4 - 6. Let q be x(8). Suppose -60 = -2*i - 0. Calculate the greatest common factor of i and q.
10
Let z(j) = -j**3 + 5*j**2 + 8*j - 9. Let w be z(6). Suppose -31 = l + 3*y - 149, 5*l + w*y - 566 = 0. Calculate the highest common factor of 16 and l.
16
Let t(p) = -5*p + 10. Let y be t(-12). Suppose 4*m + y = 5*m. Calculate the highest common divisor of 10 and m.
10
Let s(v) = 4*v**2 - 20*v - 1. Let i be s(7). What is the highest common divisor of i and 33?
11
Let d(t) = t**3 - 16*t**2 - 36*t + 15. Let y be d(18). Suppose -2*v + 4*c + 8 = 0, -2*v - 3*c + 35 = 2*c. What is the greatest common divisor of y and v?
5
Suppose 2*r - 135 = 75. What is the greatest common factor of r and 42?
21
Let n(c) = -c + 4 + 3*c - 3 - 3. Let z be n(11). Calculate the greatest common divisor of 5 and z.
5
Suppose 0 = 3*n - 7 - 8. Suppose 0 = b - 4*d - 8, -40 = -2*b - 3*b - n*d. Calculate the greatest common factor of b and 32.
8
Let s be (10/4)/(1/2). Suppose -4*n = -o - 2*n + 22, 0 = -s*o - 4*n + 82. What is the greatest common divisor of o and 18?
18
Let i = 232 - 113. Suppose 5*n - i = 91. Calculate the highest common divisor of 6 and n.
6
Suppose -3*a = -3*l + 6 + 24, 2*l - a - 17 = 0. Let t = -1 - -1. Suppose -4*h + h + 231 = t. What is the greatest common divisor of l and h?
7
Suppose 0 = 4*l - 168 - 8. Calculate the greatest common factor of 11 and l.
11
Suppose 4*a + 0*v - 12 = -5*v, -4*v = a + 8. Suppose 2*l + a = 0, 3*p + 5*l + 0*l - 169 = 0. Calculate the greatest common divisor of p and 9.
9
Let t = -68 + 189. Calculate the greatest common factor of t and 11.
11
Let y be (-758)/(-9) + 26/(-117). Let s(p) = 3*p**2 + 2*p - 4. Let v be s(-4). Suppose -q + v = 2*q. Calculate the greatest common factor of y and q.
12
Let c(z) = 8*z**2 + 11*z + 3. Let d be c(-2). Calculate the highest common divisor of d and 104.
13
Suppose -3*p + 12 = t - 1, 2*t + 22 = 2*p. Suppose -179 = -4*b - 11. Suppose h - 2*h + b = 0. Calculate the highest common divisor of p and h.
6
Suppose 4*v - i = 4*i + 437, -v - i + 107 = 0. Calculate the greatest common divisor of 12 and v.
12
Let x be 2/(-9) - 102/27. Let d be (-2 - 14)*22/x. Calculate the greatest common divisor of d and 8.
8
Let p be (-112)/7*1/(-2). What is the greatest common factor of p and 1?
1
Let w(i) = -i**3 + 5*i**2 - 3*i - 3. Let v be (-12)/8 + (-11)/(-2). Let o be w(v). Let c be (o + -3)*-28 - 2. Calculate the highest common divisor of 18 and c.
18
Let j(i) = 6*i**2 + i - 1. Let l be j(1). Let y be 2/(-12) - (-175)/42. What is the greatest common factor of l and y?
2
Let w(z) = -8*z + 9. Let a be w(4). Suppose -y = 9 + 25. Let o = a - y. Calculate the highest common divisor of o and 99.
11
Let j be (-788)/(-18) + (-12)/(-54). What is the greatest common divisor of j and 11?
11
Let y(p) = 797*p**2 - 2*p + 1. Let m be y(1). Let o be 4/14 - m/(-7). Calculate the greatest common factor of 19 and o.
19
Suppose p = -2*k + 5, -22 = -2*p + 5*k - 3*k. Let n = -3 + p. Calculate the highest common factor of n and 2.
2
Suppose -4*v = -v - 12. Suppose -5*f - 428 = -4*h + 96, -v*f = 16. Calculate the highest common divisor of 14 and h.
14
Let x(h) = -h + 1. Let g be x(10). Let c = -7 - g. What is the greatest common factor of 2 and c?
2
Suppose 0 = -34*c + 33*c + 13. Calculate the highest common factor of c and 39.
13
Let s be (-16)/(4/(-2)) + 1. Calculate the greatest common divisor of s and 45.
9
Suppose 0 = 12*x - x - 44. Calculate the highest common factor of 8 and x.
4
Let z = -2 + 19. Suppose -4*i = 4*f - 2*i - 208, 4*f = i + 202. Calculate the greatest common factor of f and z.
17
Suppose 3*d = -5*p + 4*d - 5, p + 1 = 5*d. Let x = 14 - p. Let m = 26 + -11. What is the greatest common factor of x and m?
15
Let i(h) = h**3 - 3*h**2 + h - 1. Let z be i(4). Let f(a) = -a**2 + 3*a - 3. Let t be f(2). Let y = z - t. What is the highest common factor of y and 80?
20
Suppose -5*m + m = 4*l - 20, -3*l + 31 = 5*m. Suppose m = 2*b + 2. Calculate the greatest common factor of b and 18.
3
Let l be (-2 - -1)/(4/28). Let z(y) = 0*y + y**2 - y + 6*y. Let v be z(l). Calculate the greatest common divisor of v and 70.
14
Let m(x) = 5 - 7*x + 5 - 1 + 2*x. Let i(l) = 14*l - 27. Let y(k) = -6*i(k) - 17*m(k). Let c be y(7). Calculate the highest common divisor of c and 8.
8
Let w be -1*(-1)/(-1) + -17. Let j be 1290/27 - 4/w. Let m(c) = c**2 - 4*c - 6. Let a be m(6). Calculate the greatest common factor of a and j.
6
Let r = 135 + -134. Calculate the highest common divisor of r and 2.
1
Let h(x) = 172*x**3 - 2*x**2 + 1. Let q be h(1). What is the greatest common factor of q and 19?
19
Suppose 0 = -2*n + 4*f + 44, 3*n - 32 = 2*n + 4*f. Calculate the highest common factor of 36 and n.
12
Let n = 95 - 61. What is the greatest common factor of 17 and n?
17
Let u(p) = -p**2 + 11*p - 6. Let l be u(9). Let z be (8/3)/((-2)/(-24)). Suppose w = -w - 4*r + z, -w = 5*r - 4. Calculate the highest common factor of l and w.
12
Let m be (-3 - 48/(-18)) + 38/6. What is the greatest common divisor of m and 102?
6
Let y = -10 - -18. What is the highest common factor of y and 2?
2
Suppose -2*h + 85 = -315. What is the greatest common divisor of 25 and h?
25
Let w be 2*(4 - 28/8). Let j = -16 - -27. Calculate the highest common divisor of w and j.
1
Suppose -2*a = 3 - 7. Suppose -29 = -a*i + 19. Suppose 242 = -3*k + 890. Calculate the highest common factor of k and i.
24
Suppose -22 = -22*g + 20*g. Let f(k) = -k**3 + 13*k**2 - 14*k. Let h be f(g). What is the greatest common factor of 8 and h?
8
Let u be 5 - (3 + 1 + -2). Suppose u*d - 11 = -2. What is the highest common divisor of 2 and d?
1
Let t(j) = 10*j. Let c be t(9). What is the highest common factor of 36 and c?
18
Let k be 22*-1*(-2)/4. Let b be 21 + (-3)/(-1) + -3. Let f be (2 - -2 - 3) + b. Calculate the gr